25. Give q(-12).
2221
Let i(m) = -66898*m - 401382. Give i(-6).
6
Let g(t) = 2147*t + 2574277. What is g(-1199)?
24
Let u(h) = -h**3 - 52*h**2 - 385*h - 1377. What is u(-44)?
75
Let j(d) = -2*d**2 + 89*d + 11414. Calculate j(101).
1
Let m(v) = v**3 - 381*v**2 - 3201*v + 490611. Calculate m(386).
5
Let r(p) = 152*p + 3391. Determine r(-23).
-105
Let t(a) = 7*a**2 + 277*a + 1160. What is t(-35)?
40
Let v(t) = -3*t**3 - 2*t**2 + 31*t + 9. What is v(-6)?
399
Let o(t) = 2*t**3 + 105*t**2 + 456*t - 25. Give o(-48).
-1177
Let c(n) = 211*n + 14932. What is c(-70)?
162
Let g(f) = -516829*f + 5685187. Determine g(11).
68
Let x(v) = 705*v + 195859. What is x(-278)?
-131
Let w(s) = -53*s**2 - 284*s + 4. Calculate w(-4).
292
Let z(x) = x**2 + 528*x - 2676. What is z(5)?
-11
Let i(j) = j**3 - 211*j**2 - 5642*j + 629. Determine i(235).
159
Let q(f) = 1263*f - 142689. Give q(113).
30
Let f(w) = -33*w**3 + 554*w**2 + 114*w + 36. Give f(17).
-49
Let r(k) = 23227*k - 119. Calculate r(0).
-119
Let t(b) = -104*b**2 - 160*b - 145. Give t(0).
-145
Let i(g) = -5*g**3 + 36*g**2 + g - 2. Determine i(7).
54
Let r(w) = -w**3 + 85*w**2 - 1789*w - 240. Give r(46).
-10
Let i(j) = -411*j**2 - 2188*j + 1617. Give i(-6).
-51
Let p(d) = -d**3 + 32*d**2 + 2*d + 611. Give p(32).
675
Let z(r) = r**2 + 226*r + 3876. Calculate z(-18).
132
Let y(k) = -k**2 - 1597*k - 43937. What is y(-28)?
-5
Let i(r) = 6*r**2 - 908*r + 28701. Give i(45).
-9
Let i(m) = 6286*m**2 - 12557*m - 39. What is i(2)?
-9
Let v(h) = -161*h**2 - 3495*h - 3493. Give v(-1).
-159
Let m(f) = f**3 + 2*f**2 + 32*f + 31. Give m(-12).
-1793
Let v(a) = 206*a**3 + 2*a**2 - 11*a - 11. What is v(-1)?
-204
Let v(b) = 58675*b**2 + 117353*b + 6. Determine v(-2).
0
Let f(z) = -6494*z - 337545. Calculate f(-52).
143
Let c(v) = -4*v**3 + 20*v**2 - 158*v + 1453. Give c(9).
-1265
Let z(p) = 651429*p + 5211436. Calculate z(-8).
4
Let x(l) = 1236*l - 13943. What is x(10)?
-1583
Let a(j) = 19*j**2 + 1853*j + 10430. Give a(-6).
-4
Let j(q) = 13194*q + 408869. Calculate j(-31).
-145
Let s(x) = 37764*x - 226963. Determine s(6).
-379
Let a(y) = -125*y - 4381. Determine a(7).
-5256
Let y(v) = -8780*v - 2388172. What is y(-272)?
-12
Let b(f) = f**2 + 96*f + 1755. Give b(-36).
-405
Let z(q) = 10*q**2 + 677*q + 6148. What is z(-57)?
49
Let q(z) = -45193*z - 3570251. Determine q(-79).
-4
Let q(d) = 2*d**3 - 919*d**2 + 20244*d - 3791. Calculate q(23).
4
Let u(i) = 2*i**2 - 1737*i - 53940. Calculate u(-30).
-30
Let m(h) = 8078*h + 193856. Give m(-24).
-16
Let i(k) = -k**2 - 178*k + 23168. Give i(-265).
113
Let j(k) = -8*k**2 + 854*k - 1706. What is j(2)?
-30
Let v(y) = -4*y**2 + 57*y + 1817. Calculate v(-18).
-505
Let o(k) = -k**3 + 212*k**2 + 2935*k - 1956. Determine o(225).
294
Let f(g) = -7*g**2 + 292*g + 2764. Determine f(-8).
-20
Let p(q) = 864*q**2 + 116646*q + 694. Calculate p(-135).
-116
Let j(m) = -41544*m + 124668. What is j(3)?
36
Let a(f) = -4*f**3 + 1397*f**2 + 1041*f + 2696. What is a(350)?
-454
Let d(t) = t**3 + 6*t**2 - 75*t + 962. Give d(0).
962
Let k(o) = -14182*o - 127974. Calculate k(-9).
-336
Let v(h) = 16757*h - 83783. What is v(5)?
2
Let d(q) = -3966*q - 23948. Calculate d(-6).
-152
Let p(y) = -16935*y + 222. What is p(0)?
222
Let y(h) = -33*h**3 - 49*h**2 + 36*h + 15. Calculate y(-4).
1199
Let l(n) = -n**3 + 35*n**2 - 113*n + 2711. What is l(34)?
25
Let b(x) = 6*x**3 - 48*x**2 - 22*x + 28. Determine b(8).
-148
Let a(b) = b**2 - 3400*b + 64229. Give a(19).
-10
Let b(i) = i**2 + 1028*i + 249305. Calculate b(-392).
-7
Let a(c) = c**3 + 13098*c**2 + 4*c - 19. Calculate a(0).
-19
Let w(y) = 2568*y - 213136. What is w(83)?
8
Let z(k) = -36*k**2 + 85*k + 253. Determine z(-3).
-326
Let g(b) = 16485*b + 148357. Determine g(-9).
-8
Let l(d) = 1549*d - 396468. Determine l(256).
76
Let i(r) = -15*r**2 - 7589*r + 8086. Calculate i(-507).
-26
Let j(r) = 15*r**3 - 1934*r**2 - 176*r + 6151. What is j(129)?
88
Let t(l) = -26371*l - 5247866. Give t(-199).
-37
Let j(x) = -2*x**2 + 75*x - 127. Give j(34).
111
Let z(v) = -18*v**2 - 4748*v + 1098. What is z(-264)?
42
Let b(g) = 5*g**3 - 385*g**2 + 125*g - 9617. What is b(77)?
8
Let d(x) = 4*x**2 + 1108*x - 5638. Determine d(5).
2
Let p(r) = -r**3 + 16*r**2 + 18*r - 453. Determine p(17).
-436
Let i(a) = -231*a**2 - 34049*a - 47169. Calculate i(-146).
-11
Let w(o) = 99*o**2 + 2963*o - 25902. Give w(-37).
-2
Let q(w) = 2*w**2 - 308*w + 8827. Give q(38).
11
Let w(p) = -p**3 - 172*p**2 + 2801*p - 750. Calculate w(-187).
-2
Let c(f) = f**3 - 40*f**2 + 146*f + 1741. Calculate c(36).
1813
Let p(v) = 35*v**2 + 2799*v - 13955. What is p(5)?
915
Let h(m) = m**3 + 7*m**2 + 34*m - 21. What is h(-12)?
-1149
Let i(p) = -p**3 - 338*p**2 + 2432*p + 5892. What is i(-345)?
27
Let u(y) = 2*y**3 - 4*y**2 - 14687*y + 102624. What is u(7)?
305
Let m(z) = 3*z**3 + 48*z**2 + 263*z - 29. Give m(-5).
-519
Let l(p) = 33*p**2 - 61*p - 22. Determine l(2).
-12
Let t(r) = 33011*r + 231195. Give t(-7).
118
Let v(l) = 3589*l + 276359. Determine v(-77).
6
Let o(r) = 7*r**3 - 2566*r**2 + 4072*r - 20807. Calculate o(365).
-2
Let j(l) = -l**3 + 11*l**2 + 928*l - 2858. Calculate j(3).
-2
Let h(r) = 19390*r - 1454263. What is h(75)?
-13
Let a(y) = -61*y**2 + 3192*y - 29518. What is a(12)?
2
Let v(t) = 2926*t**3 - 7*t**2 - 339*t - 331. Determine v(-1).
-2925
Let n(g) = 31680*g - 1869147. Calculate n(59).
-27
Let c(a) = 2*a**3 - 6*a**2 + 50*a - 371. Calculate c(0).
-371
Let t(b) = -24*b**3 - 50*b**2 - 32*b + 3. What is t(-1)?
9
Let a(w) = 9*w**2 + 1215*w + 4829. Calculate a(-4).
113
Let s(g) = -25*g**2 - 5193*g - 3731. Determine s(-207).
-5
Let t(r) = r**3 + 369*r**2 + 33946*r + 7455. Determine t(-196).
7
Let v(a) = -363*a + 32017. Give v(87).
436
Let h(q) = 35*q**2 + 699*q - 3474. Determine h(-24).
-90
Let x(s) = -2*s**3 + 28*s**2 - 50*s + 149. Calculate x(12).
125
Let j(h) = 17*h - 7840. Calculate j(405).
-955
Let b(u) = 3261*u - 62226. What is b(19)?
-267
Let l(c) = 792*c - 3576. Give l(4).
-408
Let v(y) = -2467*y + 76963. What is v(30)?
2953
Let p(r) = -2065*r + 4097. Calculate p(2).
-33
Let z(g) = 1762*g - 52915. What is z(30)?
-55
Let m(i) = -i**3 - 69*i**2 + 1263*i - 23. What is m(-84)?
-275
Let w(t) = 172*t**2 + 941*t + 154. Give w(-9).
5617
Let k(w) = 903*w**2 - 12646*w + 11. Give k(14).
-45
Let m(o) = 2*o**2 + 21705*o + 195196. Calculate m(-9).
13
Let h(x) = x**2 - 621*x + 17186. Give h(29).
18
Let p(d) = -2690457*d - 5. Calculate p(0).
-5
Let s(c) = -5*c**3 + 549*c**2 - 433*c - 471. Determine s(109).
-144
Let b(o) = 2*o**2 + 32450*o - 617280. What is b(19)?
-8
Let a(b) = 1279*b + 534625. What is a(-418)?
3
Let u(d) = -3669*d - 55050. Calculate u(-15).
-15
Let q(l) = 4*l**2 - 351*l - 2696. Give q(-7).
-43
Let y(x) = x**2 - 868*x - 72398. Calculate y(-77).
367
Let g(p) = -3*p**3 - 58*p**2 - 147*p - 361. What is g(-17)?
115
Let y(q) = 57*q**2 - 5078*q - 88. Calculate y(89).
-533
Let o(k) = -1099*k + 13456. What is o(14)?
-1930
Let h(b) = -71*b**2 + 4597*b - 7830. Give h(63).
-18
Let a(p) = p**2 - 22*p - 18729. Calculate a(-127).
194
Let m(a) = -14*a**2 - 102*a - 5. What is m(7)?
-1405
Let z(r) = -783*r - 512894. Calculate z(-655).
-29
Let b(g) = 332*g + 40192. Determine b(-121).
20
Let j(r) = 123*r**2 - 1159*r - 2403. Determine j(-2).
407
Let r(x) = 1830*x**2 - 9151*x - 7. Give r(5).
-12
Let v(b) = -3*b**3 - 17*b**2 - 138*b - 860. Determine v(-6).
4
Let k(g) = -4*g**2 - 31651*g + 221468. Calculate k(7).
-285
Let p(q) = -26*q**2 - 2600*q + 28604. Give p(10).
4
Let h(f) = -f**3 + 13*f**2 + 51*f - 342. Give h(14).
176
Let j(t) = -10*t**3 + 2977*t**2 + 895*t - 485. Give j(298).
-187
Let r(n) = -n**3 - 34*n**2 - 677*n - 4270. Determine r(-10).
100
Let n(y) = -10*y**2 + 956*y + 143. What is n(93)?
2561
Let j(a) = 1778*a - 163648. Determine j(92).
-72
Let o(j) = j**2 - 1794*j - 7166. What is o(-4)?
26
Let p(k) = 13111*k + 262190. What is p(-20)?
-30
Let k(u) = u**2 - 277*u + 16729. What is k(89)?
-3
Let v(g) = -79*g**3 - 28*g**2 - 21*g - 55. Calculate v(-3).
1889
Let d(g) = g**3 - 199*g**2 - 2134*g + 19790. Give d(6).
38
Let g(y) = -178503*y + 9103637. What is g(51)?
-16
Let d(g) = g**3 + 157*g**2 + 978*g - 10659. Calculate d(-150).
141
Let t(v) = -6126*v - 312433. Calculate t(-51).
-7
Let o(f) = 155*f - 540. Determine o(8).
700